e remainder when p(1) is divided by 35?
33
Let h(r) = 15*r + 31. What is the remainder when 150 is divided by h(0)?
26
Suppose -2*v = -4*m + 3*m - 2, m + 6 = v. Let k(u) = u**3 + 11*u**2 + 9*u - 4. Let c be k(m). Let b = c - 0. Calculate the remainder when 17 is divided by b.
5
Let d = -1462 - -1561. What is the remainder when 308 is divided by d?
11
Let t = 9 + 5. Calculate the remainder when 362 is divided by t.
12
Suppose 5*g + 49 = c, g + 149 = 2*c + 3*c. Let q = c + -16. Calculate the remainder when ((-6)/4)/(6/(-100)) is divided by q.
12
Suppose -7926 = -123*s + 4743. What is the remainder when 282 is divided by s?
76
What is the remainder when 64/(-16) + 1 + 0 - -133 is divided by 6?
4
What is the remainder when (192/15 - -4) + (-1)/(-5) is divided by (-2)/6 - 28/(-3)?
8
Let t = -129 + 96. Calculate the remainder when 58 is divided by (60/(-18) + 2)*t/2.
14
Suppose -4*c + 0*c + 1033 = -i, 2*c = -4*i + 494. Calculate the remainder when c is divided by 26.
23
Let b(a) = -19*a - 7. Let u be b(6). Let d = u - -187. What is the remainder when d is divided by 34?
32
Let r be 4/(5*2/1490). Suppose -77*s = -81*s + r. Calculate the remainder when s is divided by 51.
47
Suppose 5*x + 3*n = 62, 21*x - 52 = 17*x - 3*n. What is the remainder when 33 is divided by x?
3
Suppose 15 = x - 3*p, -2 - 1 = -5*x - 3*p. Suppose -2*g + x = -5. Calculate the remainder when g is divided by 2.
0
Let s = -95 + 44. Let h = s - -88. Calculate the remainder when h is divided by 144/14 + 2/(-7).
7
Let h = -2574 - -2633. Calculate the remainder when 584 is divided by h.
53
Let i(a) = 6*a + 5*a**2 - 14*a - 4*a**2 + a**3 - 5*a**2 + 2. Calculate the remainder when 74 is divided by i(6).
22
Suppose -32 = -x - t, 4*x - 2*t - 30 = 86. What is the remainder when 657 is divided by x?
27
Suppose 3*f + 39*w - 240 = 38*w, 0 = 2*f - 2*w - 168. What is the remainder when f is divided by 35?
11
Let a(w) = -12 - 12*w - 4*w + 1 + 2. Calculate the remainder when a(-7) is divided by 27.
22
Let u(s) = -s + 18. Suppose 0 = i - 3*o - 7, 0 = 4*i - 2*o - 66 - 12. What is the remainder when i is divided by u(9)?
4
What is the remainder when 199 is divided by 42 - (2/9)/((-2)/(-18))?
39
Suppose -40*p = -162 - 1038. What is the remainder when 472 is divided by p?
22
Let s(y) = -y**3 - y**2 - 438. Let f be s(0). Let n be f/(-24) - 2/8. What is the remainder when 21 is divided by 48/n*18/8?
3
Suppose 0 = 2*m + m + 2*q - 8, -4*m + 2*q + 6 = 0. Suppose -4*f + m*s + 58 = -190, -3*f = 2*s - 172. What is the remainder when f is divided by 21?
18
Suppose 30*c + 27 = 33*c. What is the remainder when 26 is divided by c?
8
Let m(a) = -a**3 + 2*a**2 + 6*a - 8. Let p be m(4). What is the remainder when (p/3)/(10/(-165)) is divided by 23?
19
Suppose -5*w = 0, -12*w + 216 = 3*x - 13*w. Calculate the remainder when x is divided by 10.
2
Suppose 10*o = 27*o - 18037. Calculate the remainder when o is divided by 14.
11
Let l = -407 + 426. What is the remainder when 52 is divided by l?
14
Let x = 1488 + -1406. Calculate the remainder when 569 is divided by x.
77
Let s be -4 + 28/4 + 3/(-3). Suppose 4*t + s*v + 0*v - 214 = 0, 2*v = -3*t + 163. Calculate the remainder when t is divided by 26.
25
Let f be ((-15)/(-3))/(-5)*-3. What is the remainder when (4 - -14)/f - (-1)/(-1) is divided by 5?
0
Suppose -5*p - 2*t + 34 = -70, -p + 16 = -2*t. Let g be (-210)/(-18) + 3 - (-2)/(-3). What is the remainder when (-6)/21 - (-550)/g is divided by p?
19
Let z(t) = -t**3 - t + 64. Let q be z(0). Suppose -6*w + 2*w = -q. Suppose 152 - 2 = 5*s. Calculate the remainder when s is divided by w.
14
Let y(j) = j + 54. What is the remainder when y(-12) is divided by 13?
3
Suppose 0 = -3*i - 12, -3*s + i + i = -32. Calculate the remainder when s/(-12) - -2*(-118)/(-12) is divided by 8.
3
Let c = 1466 - 1422. What is the remainder when 171 is divided by c?
39
Calculate the remainder when 305/4 - 4/(-272)*-17 is divided by 13.
11
Let h = 132 - -118. Suppose 0 = -10*s - 0*s + h. Calculate the remainder when 48 is divided by s.
23
Suppose 0*h - 2*h + 2*g + 46 = 0, 2*g + 94 = 4*h. Let c = -15 + h. Let s(k) = k**2 + 4*k + 4. Calculate the remainder when s(-7) is divided by c.
7
Suppose 4*b + 4*m + 14 = 54, 0 = 2*m - 10. Calculate the remainder when 5 is divided by b.
0
Suppose 5 = k + 2. Suppose -2*u - 6 = 2, -k*p + u = -196. Calculate the remainder when p is divided by 11.
9
Let r(y) = -y**2 - 5*y + 11. Let p be r(-6). Suppose 39 = p*h - 16. Calculate the remainder when h is divided by 6.
5
Calculate the remainder when 49 is divided by (31 - -3) + 5/(-1).
20
Let h(g) = g**2 - 5*g + 4. Let z be h(3). Let m(b) = -b**2 - 20*b - 4. Let v be m(-8). Calculate the remainder when 0/3 - v/z is divided by 12.
10
Suppose 473 = 21*f - 10*f. Let w = 76 - -8. What is the remainder when w is divided by f?
41
Let h(p) = 44*p + 3. Let r = -7 + 5. Let n(c) = -c + 2. Calculate the remainder when n(r) is divided by h(0).
1
Suppose 0 = -5*q - 187 + 212. Let a = 167 - 99. Calculate the remainder when a is divided by q.
3
Let h = -4677 + 4702. Let i = -224 - -397. What is the remainder when i is divided by h?
23
Let n(g) = g**2 - 7*g + 3. Let r be n(11). Let o = 57 - r. What is the remainder when 18 is divided by o?
8
Let d(q) = -q**3 - 6*q**2 + 11*q + 14. Let k be d(-8). Calculate the remainder when ((-9)/27)/((-1)/k) is divided by 3.
0
Suppose 51*v - 88*v + 39442 = 0. What is the remainder when v is divided by 107?
103
Let d(x) be the second derivative of x**5/20 - 5*x**4/6 - 23*x**3/6 - 4*x**2 - 18*x. What is the remainder when d(12) is divided by 2?
0
Let y = -653 - -665. Suppose 3*b - 2*s = 22, 4*s = -b + s. What is the remainder when y is divided by b?
0
Suppose -u - c - 2 = -4*u, -22 = -3*u - 4*c. Calculate the remainder when (2 - 1) + -1 + (-4 - -6) is divided by u.
0
Let x(v) = -v**3 - 26*v**2 - 27*v + 59. Calculate the remainder when x(-25) is divided by 23.
17
Let f = -22 + 29. Suppose -4*i + 4*v = f*v - 75, 3*i - 3*v = 72. What is the remainder when i is divided by 9?
3
Suppose -7*g - 54 = -9*g. Suppose -4*v + g = -v. Suppose z - 58 = h, -5*z - 2*h + 4*h = -296. Calculate the remainder when z is divided by v.
6
Suppose -2*m + 67 = -109. Let k = m + -52. What is the remainder when k is divided by 14?
8
Let b be 3/(-18) - 178/12. Let d = 1 - b. Let o(p) = p**2 + 9*p - 28. What is the remainder when o(-15) is divided by d?
14
Suppose 2*x = -0*x + 4. Suppose 4*b - x*m - 145 + 29 = 0, -4*b + 114 = -3*m. Suppose -62 = -7*v + 337. What is the remainder when v is divided by b?
27
Calculate the remainder when 64 is divided by (108/144 - 6/8) + 11.
9
Suppose z + 2*z = 0. Suppose -2*y - 3*s = -23, z = -2*y + 7*y + s - 77. Suppose 12 = 5*j - 18. Calculate the remainder when y is divided by j.
4
Let a be 60/14 + (-4)/14. Let s(p) = 3*p + 5. Let n(x) = -x - 1. Let b(w) = -12*n(w) - 3*s(w). What is the remainder when 26 is divided by b(a)?
8
Suppose 12*w - 125 = 79. Let j(g) = g**3 - 3*g**2 + 7*g - 3. What is the remainder when j(5) is divided by w?
14
Let d = 101 + -79. Suppose -40 = -h + d. Let g = -9 + 25. Calculate the remainder when h is divided by g.
14
Let n(t) = -12*t + 3. Let o be ((-40)/(-30))/((-4)/(-6)). Suppose -y + 57 = o*y. Calculate the remainder when n(-6) is divided by y.
18
Let r be 2*4/(-8)*-1. Let k be r/(-2) + (-20)/(-8). Suppose f + k = 13. What is the remainder when f is divided by 2?
1
What is the remainder when ((-2)/3)/(23/((-207345)/10)) is divided by 47?
37
Suppose 14*x = 34*x - 340. Suppose 9 = -2*a + 71. Calculate the remainder when a is divided by x.
14
Let t = 929 - 697. Calculate the remainder when t is divided by 59.
55
Suppose -375 = -3*q + 8*q. Calculate the remainder when 33 is divided by (2/(-3))/((-10)/q*-1).
3
Let g be 0 + (5 - 1) + 0. Suppose -g*z = -0*z - 88. What is the remainder when z is divided by (-1)/(13/(-6) - -2)?
4
Let q = 22 + -52. Calculate the remainder when q/(-70) - (-655)/7 is divided by 12.
10
What is the remainder when (10 - 24)*(-4 - 3) is divided by 20?
18
Let k be (-1)/(-6) - 539/(-6). Let w = k + -57. Suppose 2*i + 2*i - 68 = 0. What is the remainder when w is divided by i?
16
Suppose 0 = 115*l - 109*l - 1722. What is the remainder when l is divided by 58?
55
Let i(u) = 34*u**2 - 9*u - 28. What is 